t is 10 - 20220?
-20210
In base 7, what is -42 - -211?
136
In base 4, what is -12 + -1?
-13
In base 16, what is 6 - -1383?
1389
In base 5, what is 43 - 122?
-24
In base 13, what is -6 - -3aa?
3a4
In base 3, what is -11 - -1022210?
1022122
In base 15, what is d9 + -4?
d5
In base 5, what is 10142 - -4?
10201
In base 11, what is -3857 - -1?
-3856
In base 14, what is -86 - -26?
-60
In base 9, what is 25473 - 1?
25472
In base 6, what is -424 - 20?
-444
In base 15, what is -a5 + 0?
-a5
In base 10, what is -175 - 18?
-193
In base 15, what is 138 - 4?
134
In base 12, what is 109 - -2?
10b
In base 5, what is 24 - -11?
40
In base 13, what is 1 + -ca3?
-ca2
In base 2, what is -11101101 - -100?
-11101001
In base 15, what is 1 + c?
d
In base 16, what is -4 + -18?
-1c
In base 9, what is 476 + 5?
482
In base 7, what is -5 + -115?
-123
In base 13, what is -16 + 9?
-a
In base 13, what is -c + -5?
-14
In base 11, what is 4 - 68?
-64
In base 9, what is 65038 - 4?
65034
In base 7, what is 4 + 33?
40
In base 12, what is 1 + 165?
166
In base 2, what is -10110110011 - -100?
-10110101111
In base 8, what is 73 + 5?
100
In base 14, what is 0 + -23a?
-23a
In base 2, what is -110101 - 1000011000?
-1001001101
In base 12, what is -25 - -47?
22
In base 16, what is -7ff + -3?
-802
In base 11, what is 78 + -24?
54
In base 15, what is 10 - 3?
c
In base 2, what is 1 + -11111?
-11110
In base 10, what is -194 + -3?
-197
In base 9, what is -232 + 2?
-230
In base 11, what is -358 + 1?
-357
In base 4, what is -121 - 23?
-210
In base 6, what is -231 + -5?
-240
In base 10, what is -147 + 5?
-142
In base 6, what is 50 - 4?
42
In base 15, what is 6 + 6c?
73
In base 11, what is -8 - -37?
2a
In base 10, what is 1 - -69?
70
In base 4, what is 130 - -322?
1112
In base 12, what is 4243 - 1?
4242
In base 15, what is 58 - 4?
54
In base 14, what is -21ac + 3?
-21a9
In base 9, what is -3 + 83?
80
In base 8, what is 3 - 466?
-463
In base 6, what is -3 + 2201?
2154
In base 9, what is 2 + 360?
362
In base 11, what is 341 - -2?
343
In base 15, what is 4 + -1c?
-18
In base 5, what is -1144 - 400?
-2044
In base 12, what is -1 + 82?
81
In base 16, what is -3 + 1e3?
1e0
In base 11, what is -5 + -20?
-25
In base 15, what is 9e + -9?
95
In base 11, what is 1a01 + 2?
1a03
In base 5, what is -4400 - -2?
-4343
In base 15, what is -2 + 1?
-1
In base 7, what is 35 + -4?
31
In base 2, what is 101010111 + 11?
101011010
In base 7, what is -334 - 3?
-340
In base 6, what is 15411 + 2?
15413
In base 3, what is 1010 + -101?
202
In base 8, what is -7 - -16?
7
In base 14, what is -5 + 110?
109
In base 6, what is 123555 - -3?
124002
In base 8, what is 7 - 16?
-7
In base 16, what is 793 + 4?
797
In base 2, what is -101 - 11000100111?
-11000101100
In base 14, what is -d + -16?
-25
In base 6, what is 2 + -204?
-202
In base 15, what is -18a + -b?
-196
In base 6, what is 20 + -331?
-311
In base 3, what is 11 + -1200020?
-1200002
In base 11, what is -1 + 180?
17a
In base 16, what is -1c5 - 3?
-1c8
In base 9, what is 44 - 24?
20
In base 11, what is 1 + -4a4?
-4a3
In base 7, what is -122 + -2?
-124
In base 16, what is -a - 18?
-22
In base 15, what is 40e + -8?
406
In base 13, what is -a5 + 6?
-9c
In base 5, what is -10 - 2003?
-2013
In base 12, what is 16 - b?
7
In base 8, what is 211 - -10?
221
In base 10, what is -2090 - 7?
-2097
In base 3, what is -21211102 + -11?
-21211120
In base 16, what is 2 - 23?
-21
In base 14, what is 171 + -4?
16b
In base 4, what is -11 + -20022?
-20033
In base 15, what is 4 - 39?
-35
In base 5, what is 1032 + -3?
1024
In base 3, what is 120 + 11?
201
In base 7, what is 34 - 4?
30
In base 15, what is 68 - -6?
6e
In base 12, what is 1 - -1429?
142a
In base 4, what is 221132 - 11?
221121
In base 2, what is 0 + 10101110?
10101110
In base 12, what is -6 - 110?
-116
In base 5, what is 2 + -112?
-110
In base 14, what is -1 - -33?
32
In base 6, what is -334 + -53?
-431
In base 8, what is 16 + -14?
2
In base 15, what is 1 - -2d7?
2d8
In base 12, what is 4 + 176?
17a
In base 7, what is -10 + 106?
66
In base 15, what is -2 - 9b?
-9d
In base 4, what is -2 - -1120?
1112
In base 2, what is -10100011100101 + -101?
-10100011101010
In base 13, what is -16 + -a?
-23
In base 2, what is 1000 + 11100101?
11101101
In base 2, what is 11100 + 101?
100001
In base 13, what is 0 + -11a?
-11a
In base 10, what is 2 + -36?
-34
In base 10, what is 0 + 177?
177
In base 4, what is -331113 - -3?
-331110
In base 6, what is -14 + -210?
-224
In base 7, what is 13 - -151?
164
In base 7, what is 334 - 51?
253
In base 15, what is 114 - 1b?
e8
In base 13, what is -777 + -13?
-78a
In base 3, what is 1000102 + 2?
1000111
In base 12, what is -2 + -2a?
-30
In base 10, what is -874 + 3?
-871
In base 13, what is 10b + 5?
113
In base 15, what is -1d + 16?
-7
In base 6, what is -11434 - 3?
-11441
In base 9, what is -5 + 727?
722
In base 6, what is 13 - 13?
0
In base 11, what is -115 - -5?
-110
In base 14, what is -4 + 1900?
18da
In base 13, what is 3 + -48?
-45
In base 12, what is 1 + 259?
25a
In base 16, what is -7c + -2?
-7e
In base 10, what is 119 - -73?
192
In base 10, what is -15 + -4?
-19
In base 15, what is 1065 - 5?
1060
In base 11, what is -2 + -31?
-33
In base 16, what is 3 + 109?
10c
In base 4, what is 0 - 101?
-101
In base 14, what is 2 - 55?
-53
In base 10, what is 2 + -3200?
-3198
In base 16, what is 3 - -7c2?
7c5
In base 6, what is 102 - 11?
51
In base 15, what is -41 + -8?
-49
In base 11, what is 0 + -415?
-415
In base 7, what is -1340 + -5?
-1345
In base 16, what is -1 + -122?
-123
In base 16, what is -3 - 4?
-7
In base 5, what is -201 - -240?
34
In base 15, what is 2 - c1?
-be
In base 15, what is 1767 - -1?
1768
In base 8, what is -26 + 30?
2
In base 14, what is -53c + -4?
-542
In base 14, what is -1653 + -1?
-1654
In base 9, what is 18 - -3?
22
In base 6, what is -3 + 11?
4
In base 5, what is -23 - 43434?
-44012
In base 14, what is 45d1 + -5?
45ca
In base 5, what is 2 - 330?
-323
In base 6, what is -153 - 15?
-212
In base 7, what is 11 - -114?
125
In base 16, what is -976 - -2?
-974
In base 5, what is 222 - -23?
300
In base 15, what is -12b + 8?
-123
In base 8, what is -11 + 47?
36
In base 3, what is 11002011 - -12?
11002100
In base 6, what is 2 - -24?
30
In base 2, what is -1110001100001 + -100?
-1110001100101
In base 11, what is 0 - -172?
172
In base 12, what is 271 + -5?
268
In base 3, what is 2100 - 20?
2010
In base 6, what is 52 + -44?
4
In base 12, what is -58 + -2?
-5a
In base 10, what is -28 + -59?
-87
In base 8, what is -14 - -3?
-11
In base 2, what is -1000100001 - -10001?
-1000010000
In base 15, what is -2 + 41?
3e
In base 8, what is 10 - 640?
-630
In base 14, what is -2ca - -5?
-2c5
In base 11, what is 4 + 536?
53a
In base 4, what is -12 + -100?
-112
In base 2, what is 100011 + -11?
100000
In base 7, what is -4243 + 4?
-4236
In base 3, what is 102 - -20?
122
In base 10, what is 3 + -182?
-179
In base 9, what is 17081 - -2?
17083
In base 3, what is 11 - 11?
0
In base 14, what is 3c + 172?
1b0
In base 15, what is a + 37?
42
In base 15, what is -73 + 3?
-70
In base 7, what is 5 + -3136?
-3131
In base 15, what is 7 + -d04?
-cec
In base 15, what is -e9 + 5c?
-8c
In base 10, what is -41 - 4?
-45
In base 13, what is -79 + -15?
-91
In base 10, what is -5 + 3796?
3791
In base 15, what is -5 + -11d8?
-11dd
In base 14, what is 1 + -2d?
-2c
In base 7, what is 1005 + 1?
1006
In base 14, what is 11 + -25?
-14
In base 3, what is -1 - -212122?
212121
In base 2, what is -11100001 - -101?
-11011100
In base 6, what is -5 + 42251?
42242
In base 15, what is -5 - -21d?
218
In base 9, what is -116 + -60?
-176
In base 15, what is -1 + 18?
17
In base 5, what is 123431 - 0?
123431
In base 3, what is 22020 + 0?
22020
In base 5, what is -204 - 221?
-430
In base 15, what is -2843 - -4?
-283e
In base 5, what is -40 - 4341?
-4431
In base 16, what is 115 + 5?
11a
In base 2, what is 1111000100 - -10?
1111000110
In base 5, what is 1 - -1021?
1022
In base 9, what is -3785 - 0?
-3785
In base 11, what is 612 - -2?
614
In base 7, what is 4253 - -1?
4254
In base 2, what is -11101011 + 101?
-11100110
In base 5, what is -1020 - 2?
-1022
In base 10, what is -5 - 314?
-319
In base 12, what is -1296 + -5?
-129b
In base 11, what is -46a - 14?
-483
In base 